Calculate the remainder when 18421 is divided by 106.
83
What is the remainder when 601562 is divided by 19405?
7
What is the remainder when 949742 is divided by 216?
206
Calculate the remainder when 169016 is divided by 217.
190
Calculate the remainder when 1239 is divided by 436.
367
Calculate the remainder when 803 is divided by 278.
247
What is the remainder when 1727 is divided by 107?
15
Calculate the remainder when 40734 is divided by 61.
47
What is the remainder when 6680 is divided by 945?
65
What is the remainder when 77923 is divided by 382?
377
What is the remainder when 304806 is divided by 436?
42
What is the remainder when 363 is divided by 283?
80
What is the remainder when 2301 is divided by 705?
186
Calculate the remainder when 147950 is divided by 49304.
38
What is the remainder when 55107 is divided by 599?
598
Calculate the remainder when 11637 is divided by 5756.
125
Calculate the remainder when 237190 is divided by 17.
6
Calculate the remainder when 27962 is divided by 222.
212
What is the remainder when 27892 is divided by 13894?
104
What is the remainder when 11162 is divided by 425?
112
What is the remainder when 209572 is divided by 200?
172
Calculate the remainder when 8045 is divided by 952.
429
Calculate the remainder when 637305 is divided by 1664.
1657
Calculate the remainder when 8353 is divided by 161.
142
Calculate the remainder when 40235 is divided by 1614.
1499
Calculate the remainder when 192 is divided by 120.
72
What is the remainder when 9888 is divided by 329?
18
Calculate the remainder when 47422 is divided by 24.
22
What is the remainder when 7009 is divided by 1109?
355
What is the remainder when 27473 is divided by 692?
485
Calculate the remainder when 10382 is divided by 740.
22
What is the remainder when 354777 is divided by 90?
87
Calculate the remainder when 146447 is divided by 48812.
11
What is the remainder when 176268 is divided by 116?
64
What is the remainder when 2939 is divided by 17?
15
Calculate the remainder when 12201 is divided by 214.
3
What is the remainder when 8100 is divided by 897?
27
What is the remainder when 122064 is divided by 3?
0
What is the remainder when 229437 is divided by 4329?
0
What is the remainder when 3803 is divided by 1267?
2
What is the remainder when 8937 is divided by 213?
204
What is the remainder when 4108 is divided by 172?
152
Calculate the remainder when 13135 is divided by 4267.
334
Calculate the remainder when 7450 is divided by 324.
322
Calculate the remainder when 8649 is divided by 39.
30
What is the remainder when 34918 is divided by 168?
142
What is the remainder when 69268 is divided by 558?
76
What is the remainder when 915046 is divided by 101?
87
What is the remainder when 121464 is divided by 2584?
16
What is the remainder when 12325 is divided by 991?
433
Calculate the remainder when 337260 is divided by 369.
363
Calculate the remainder when 13184 is divided by 65.
54
Calculate the remainder when 585 is divided by 320.
265
What is the remainder when 830376 is divided by 5?
1
What is the remainder when 111023 is divided by 101?
24
Calculate the remainder when 4422207 is divided by 897.
894
What is the remainder when 696663 is divided by 3029?
3022
Calculate the remainder when 1902 is divided by 455.
82
Calculate the remainder when 544769 is divided by 21.
8
What is the remainder when 14688 is divided by 1115?
193
Calculate the remainder when 154601 is divided by 46.
41
Calculate the remainder when 194720 is divided by 2562.
8
What is the remainder when 11234 is divided by 624?
2
What is the remainder when 56846 is divided by 304?
302
What is the remainder when 5053 is divided by 601?
245
Calculate the remainder when 22746 is divided by 812.
10
Calculate the remainder when 57156 is divided by 239.
35
What is the remainder when 47191 is divided by 8?
7
What is the remainder when 1525385 is divided by 41?
21
Calculate the remainder when 74844 is divided by 527.
10
Calculate the remainder when 6183 is divided by 57.
27
Calculate the remainder when 195615 is divided by 32.
31
Calculate the remainder when 2999 is divided by 379.
346
What is the remainder when 42096 is divided by 14013?
57
Calculate the remainder when 44127 is divided by 18.
9
What is the remainder when 509 is divided by 257?
252
Calculate the remainder when 80232 is divided by 225.
132
What is the remainder when 6990 is divided by 159?
153
Calculate the remainder when 40550 is divided by 269.
200
Calculate the remainder when 10135 is divided by 16.
7
Calculate the remainder when 147315 is divided by 60.
15
Calculate the remainder when 44247 is divided by 123.
90
Calculate the remainder when 572366 is divided by 49.
46
What is the remainder when 7433 is divided by 371?
13
What is the remainder when 25786 is divided by 781?
13
Calculate the remainder when 25025 is divided by 8.
1
What is the remainder when 2203751 is divided by 12?
11
What is the remainder when 121018 is divided by 15?
13
What is the remainder when 6927 is divided by 61?
34
Calculate the remainder when 72599 is divided by 363.
362
Calculate the remainder when 9351 is divided by 663.
69
Calculate the remainder when 6851 is divided by 769.
699
Calculate the remainder when 2377 is divided by 72.
1
What is the remainder when 11309 is divided by 806?
25
Calculate the remainder when 248003 is divided by 49593.
38
What is the remainder when 10298 is divided by 3395?
113
What is the remainder when 59127 is divided by 59121?
6
What is the remainder when 4484 is divided by 88?
84
Calculate the remainder when 13017 is divided by 26.
17
What is the remainder when 4386 is divided by 1053?
174
What is the remainder when 1139 is divided by 88?
83
Calculate the remainder when 90532 is divided by 90513.
19
What is the remainder when 37488 is divided by 29?
20
What is the remainder when 21 is divided by 10?
1
Calculate the remainder when 5414 is divided by 121.
90
What is the remainder when 17020 is divided by 321?
7
What is the remainder when 30521 is divided by 86?
77
Calculate the remainder when 15664 is divided by 1422.
22
What is the remainder when 171476 is divided by 223?
212
Calculate the remainder when 45967 is divided by 15319.
10
Calculate the remainder when 295715 is divided by 12.
11
What is the remainder when 789361 is divided by 3795?
1
What is the remainder when 13452 is divided by 104?
36
What is the remainder when 6709281 is divided by 46?
43
What is the remainder when 168994 is divided by 79?
13
What is the remainder when 3498 is divided by 578?
30
Calculate the remainder when 82625 is divided by 26.
23
Calculate the remainder when 657596 is divided by 40.
36
What is the remainder when 7374 is divided by 7370?
4
Calculate the remainder when 48136 is divided by 16.
8
What is the remainder when 2221 is divided by 556?
553
Calculate the remainder when 2790 is divided by 531.
135
Calculate the remainder when 13061 is divided by 10.
1
What is the remainder when 2546 is divided by 1352?
1194
Calculate the remainder when 10053 is divided by 4984.
85
What is the remainder when 13878 is divided by 4595?
93
What is the remainder when 238572 is divided by 604?
596
Calculate the remainder when 70443 is divided by 70419.
24
What is the remainder when 18220 is divided by 961?
922
What is the remainder when 2269 is divided by 26?
7
What is the remainder when 104955 is divided by 64?
59
Calculate the remainder when 85525 is divided by 21375.
25
Calculate the remainder when 1372 is divided by 336.
28
What is the remainder when 20764 is divided by 196?
184
What is the remainder when 84119 is divided by 1152?
23
What is the remainder when 43897 is divided by 330?
7
Calculate the remainder when 4681 is divided by 235.
216
Calculate the remainder when 1561301 is divided by 27.
26
Calculate the remainder when 143401 is divided by 14.
13
What is the remainder when 4373 is divided by 148?
81
Calculate the remainder when 5846 is divided by 202.
190
Calculate the remainder when 38883 is divided by 123.
15
What is the remainder when 6962 is divided by 1718?
90
What is the remainder when 11953 is divided by 517?
62
What is the remainder when 7347 is divided by 1026?
165
Calculate the remainder when 25093 is divided by 29.
8
Calculat